e number?
False
Is ((-171283)/14)/(12/(-24)) prime?
True
Let m(f) = -2*f**3 - 6*f**2 + 4*f - 1. Let d be (-4)/(-8)*(0 - 0). Suppose -30 = 5*l - n, 2*l + 3*l + n + 20 = d. Is m(l) a prime number?
True
Let f(k) be the second derivative of 3*k**5/20 - 11*k**4/12 + k**2/2 + 3*k. Let h be (-26)/91 + -2 + 116/14. Is f(h) a composite number?
True
Is -3*48/18 + 25305 composite?
True
Let c be (-192)/18 + 2/3. Let j(l) = 34*l**2 + 12*l + 5. Let n be j(c). Suppose -3*a = -4*a - 4, 5*d = 5*a + n. Is d a composite number?
False
Let x = 53 + -50. Suppose 0 = u + x*y - 140, -1 + 4 = y. Is u prime?
True
Let c be (-3)/((-9)/6) + 706. Let w = -391 + c. Is w a composite number?
False
Suppose -2*k - b - 12 = 7, -5*b = -25. Suppose -27*p + 30*p + 15 = -2*v, 5*v + 6 = 3*p. Is 58 + 4/(k/p) a composite number?
False
Suppose -3*j = -6*j + 12. Suppose j*r - 3 = r - 3*d, -4*d = 3*r - 2. Suppose 4*o + r*g = 1396, 16 = 2*g + 2*g. Is o composite?
False
Let w(r) = -r**2 + 16*r - 12. Let p be w(15). Is (291/(-6))/(p/(-6)) composite?
False
Suppose 16*g = 40743 + 41737. Is g prime?
False
Let k be 0 + 754/(-3 - -1). Let t be 238/(-1 - (0 + 0)). Let i = t - k. Is i a prime number?
True
Let u be (-2)/(-3 - (-355)/120). Suppose -w + 47 = -u. Is w a composite number?
True
Suppose 5*g = 21110 + 22575. Is g a composite number?
False
Let g = -40 + 25. Let i = g + 36. Suppose i = 4*k - k. Is k a composite number?
False
Let w be 372/18*30 - -3. Suppose 0 = -47*g + 46*g + w. Is g a prime number?
False
Let d(c) = c**2 - 4*c - 90. Is d(23) composite?
False
Let v(b) = 35*b**2 + 2*b - 2. Suppose 3*y - 8 = -y. Let d be v(y). Suppose 3*x + 2*h - 99 = 0, 5*h + d - 33 = 4*x. Is x composite?
False
Suppose -74026 = -5*v - 26021. Is v a composite number?
False
Suppose -32*b = -37*b - 5*o + 41050, 0 = -2*b - 3*o + 16423. Is b a prime number?
False
Let d = 1575 + -76. Let c = 2151 - d. Let i = -357 + c. Is i a composite number?
True
Let l = 27 + -38. Let n be l + 2 + -2 + 5. Let x(a) = 4*a**2 + 5*a + 4. Is x(n) composite?
True
Let x = -77 + 81. Suppose 3*v + x*z - 917 = 0, -2*z - 227 = -2*v + 389. Is v a composite number?
False
Let z = -134 + 56. Let c = -770 + 739. Let v = c - z. Is v prime?
True
Suppose -10*b = -17068 - 8722. Is b composite?
False
Let i(h) = h + 2. Let c be i(-6). Is (869/(-44))/(1/c) a composite number?
False
Suppose -4*m = -6 - 30. Is (1605/m)/((-6)/(-18)) prime?
False
Suppose -5*l - 2*j = 94825, 0 = 3*l - j - 4*j + 56895. Is (l/5)/(-2*1/2) a composite number?
False
Let d = -16 + 19. Suppose 665 = 8*n - d*n. Is n a composite number?
True
Is (-3 - -2)*-4*(-12758)/(-8) composite?
False
Let b(l) = l**2 - l - 7. Let v(g) = g + 7. Let y be v(-3). Let d be b(y). Suppose q = 3*r - 92 - 33, -223 = -d*r - 2*q. Is r composite?
False
Let q(n) = n**2 + 5*n - 2. Let a be q(-4). Let l(h) = 18*h**2 - h - 13. Is l(a) prime?
True
Let s be (1 - (-8)/(-4))*-3. Suppose -l + 4*b = -2*l + 473, 0 = 4*l - s*b - 1930. Is l prime?
False
Let a be -24 + 20 - (4 - 0)*-1. Suppose -3*t + 1094 = -4363. Suppose -x - 3*w = 4*x - t, x - 4*w - 373 = a. Is x composite?
True
Let h = -76579 + 108090. Is h a prime number?
True
Suppose -3*c = 4*i - 2019, 7*c = 10*c + 2*i - 2019. Is c a prime number?
True
Let z(d) = -d - 9. Let n be z(-5). Is n - -457 - 4/2 prime?
False
Let x = 86416 - 57923. Is x a prime number?
True
Let a = 3 + -4. Let t = a - -8. Is 2048/t - 21/(-49) a prime number?
True
Suppose -57 = -2*t - 49. Suppose t = -2*b, 3*a - b - 2941 - 3016 = 0. Is a composite?
True
Let j(s) = 5*s + 3*s**3 + 8 + 29*s**2 - 32*s**2 + 3*s - 7*s**3. Is j(-9) a prime number?
True
Let t(f) = 4 + 9*f + f**2 + 4*f**3 + 10*f**2 - 3*f**3 - 15. Let q be t(-10). Let g(x) = -206*x**3 + x**2 + 2*x + 1. Is g(q) a composite number?
True
Let n(r) = -r**2 - 5 + 21*r - 10 + 12. Is n(16) composite?
True
Let w(t) = 28*t**2 - 8. Let g be w(-9). Is (-1)/(-4)*g/5 a composite number?
False
Suppose 58 = 5*f - 82. Let a be 9/(1 + (-24)/f). Suppose -l + 40 = -a. Is l composite?
False
Let y be -2 - (0 - -3) - -3. Let f(c) = -206*c**3 + c**2 + c + 4. Is f(y) prime?
False
Let b(h) = -h + 14. Let o be b(11). Suppose -1295 - 1966 = -o*w. Is w prime?
True
Let d(a) = 18*a**2 + 35*a - 61. Is d(8) prime?
False
Let n(v) = v + 5*v + 5*v - 5 + 0*v. Let b be n(8). Suppose -5*q + 438 = b. Is q prime?
True
Suppose -5*y = 29 - 129. Let c = y + -40. Let i = c - -73. Is i composite?
False
Let h(t) = -121*t**3 - 3*t**2 - 14*t - 31. Is h(-3) a composite number?
False
Let u be 2*-1 - (-13 + 341). Let i = u - -589. Is i composite?
True
Let o(j) = -j**2 - 4*j + 13. Let u be o(-5). Suppose 12529 = 3*f + u*f. Is f a composite number?
True
Suppose -8*a = -16 - 32. Suppose a*c + 0*c - 3786 = 0. Is c prime?
True
Let t(w) = 173*w**3 - 2*w**2 + w - 5. Let j be t(2). Suppose 5921 - j = 4*k. Is k prime?
False
Suppose h - 147 = -6*h. Let q(g) = -g**3 + 42*g**2 + 9*g + 11. Is q(h) prime?
True
Let w be (-602)/(-12) - 16/96. Suppose 9*n = 4*n - w. Is 15/(-6)*424/n a prime number?
False
Suppose 4*r + 2*x - 654 = 0, -x + 228 + 425 = 4*r. Is r composite?
False
Suppose -a = -2*y - 2, 4*y - 4*a + 0 = 4. Let s be -4*y/(-18)*6. Is s/10 - 4764/(-60) prime?
True
Suppose n + 1 - 3 = 0. Suppose -6*c - n = -4*c, 0 = 5*d - 2*c + 33. Is 2220/28 + 2/d prime?
True
Suppose 5*y + 37 = -3*k - 1, -21 = 2*k - y. Let n(q) be the first derivative of q**4/4 + 11*q**3/3 - 9*q**2/2 - 16*q - 4. Is n(k) a prime number?
True
Let i(f) = f**3 + 26*f**2 + 20*f + 24. Let a be (-9)/18*46*1. Is i(a) prime?
True
Is ((-993)/2)/(129/(-946)) composite?
True
Suppose 0 = v - 3*j - 2, 3*j + j = -5*v + 29. Suppose 4569 = v*o - 6696. Is o a prime number?
False
Let n = 79088 + -30459. Is n prime?
False
Suppose 0*b - 3*b = b. Let x(i) = i - i**2 - i**3 + 203 - i. Is x(b) a prime number?
False
Suppose 0 = 5*v - 3*s - 42688, -v - 3*v + 4*s = -34144. Let q be (-2)/5 - v/25. Let u = -119 - q. Is u prime?
True
Is 5 + -1 - 3 - -2280 a prime number?
True
Suppose 2*r - 606 = u, -910 = -3*r + 2*u - 0*u. Suppose 2*f = r + 340. Is f a composite number?
True
Let a = 150 + -150. Is 626 + 0 + 3 + a a composite number?
True
Let i = 72118 - 35769. Is i a composite number?
True
Let i = -4684 - -13431. Is i prime?
True
Let u(j) = -j - 13. Let n be u(-8). Let o = n + 226. Is o a composite number?
True
Suppose -4*q = 5*w - 1, -3*q - 5 - 18 = -w. Let r be (1 - 3 - -1)*q. Suppose 36 = 2*m - r. Is m composite?
True
Suppose 188*v - 184*v + 546 = -3*s, 0 = 4*s - 5*v + 759. Let f(n) = 12*n**2 - 5*n + 6. Let l be f(-5). Let d = s + l. Is d prime?
False
Let t(s) = -958*s - 669. Is t(-4) a prime number?
True
Is 3638/2 - -11*20/(-110) a composite number?
True
Let x(p) = 39*p**2 - p + 13. Is x(-5) a prime number?
False
Let n be 26*(-1)/2*-214. Let b = n + -1695. Is b a composite number?
False
Let x(b) be the third derivative of b**5/60 + 7*b**4/12 + 5*b**3/6 + 5*b**2. Let w be x(-14). Suppose -u + 152 + 341 = 3*s, w*s + 3*u = 815. Is s prime?
False
Is 1358 + ((-10)/(-5) - -1) composite?
False
Is ((-200104)/(-6))/((-112)/(-84)) a composite number?
False
Let g(i) be the first derivative of 5*i**3/3 - i**2/2 + 4*i - 2. Let y be g(-12). Let x = -317 + y. Is x prime?
True
Let h(b) = 44*b - 2. Suppose -2*w + 5*u = -61, 3*w + 0*u + 2*u - 44 = 0. Suppose -3*g = -5*g + 2*a + 10, 3*g - 4*a = w. Is h(g) prime?
False
Let v = 2433 - 514. Suppose 2*u - 3169 = -5*d + 3*u, 3*d - 5*u - v = 0. Is d a composite number?
True
Let b = 1434 + 937. Is b prime?
True
Let n(j) = 77*j + 73. Let k(i) = -39*i - 37. Let r(u) = -13*k(u) - 6*n(u). Is r(14) a prime number?
True
Suppose -7*s = -0*s - 11312. Let g = 3853 - s. Is g prime?
True
Suppose 91716 = 2*x - 4*b + 31762, 2*x - 3*b - 59959 = 0. Is x prime?
False
Suppose 37 = 2*p + 4*a - 27, a + 44 = p. Suppose v = -4*v - p. Is (2 - v/(-4)) + 22 a composite number?
True
Let h = -408 - -688. Let s = h + 933. Is s a composite number?
False
Let o = -16514 + 33673. Is o composite?
False
Suppose 44*l - 34*l = 320870. Is l composite?
True
Let a(x) = x**3 - 7*x**2 - 7*x - 30. Is a(11) a prime number?
False
Let f(d) = 72*d + 3. Let h(b) = 145*b + 6. Let g(r) = 7*f(r) - 3*h(r). Is g(2) a prime number?
False
Let k(d) = -d**2 - 4. Let w be k(2). Let r(z) = 28*z**2 + 7*z - 3. Is r(w) composite?
False
Let h(s) = -141*s + 85. Is h(-8) a prime number?
T